reatest common divisor of 12 and 1668.
12
Calculate the highest common factor of 23 and 6463.
23
What is the highest common divisor of 2016 and 160?
32
Calculate the greatest common divisor of 1141 and 7.
7
Calculate the highest common divisor of 2085 and 255.
15
What is the greatest common factor of 185 and 74?
37
What is the greatest common divisor of 2724 and 60?
12
Calculate the highest common divisor of 42 and 448.
14
Calculate the highest common divisor of 1150 and 2850.
50
What is the highest common divisor of 32 and 3432?
8
Calculate the highest common factor of 48 and 54.
6
What is the highest common factor of 35 and 21?
7
Calculate the highest common factor of 2599 and 23.
23
Calculate the highest common factor of 52 and 29900.
52
Calculate the greatest common factor of 6321 and 129.
129
Calculate the greatest common divisor of 49 and 6594.
7
Calculate the highest common divisor of 4 and 78.
2
Calculate the greatest common factor of 68 and 212.
4
What is the greatest common factor of 259 and 37?
37
What is the highest common divisor of 18 and 666?
18
Calculate the greatest common factor of 58 and 13166.
58
What is the highest common divisor of 330 and 20?
10
What is the greatest common divisor of 9701 and 89?
89
Calculate the greatest common divisor of 105 and 119.
7
Calculate the greatest common divisor of 504 and 27.
9
What is the highest common divisor of 24 and 512?
8
What is the highest common divisor of 1197 and 5320?
133
Calculate the greatest common divisor of 261 and 29.
29
What is the greatest common factor of 4 and 580?
4
Calculate the greatest common factor of 16 and 636.
4
Calculate the highest common factor of 49 and 833.
49
What is the greatest common factor of 136 and 768?
8
What is the greatest common factor of 115808 and 28?
28
What is the greatest common factor of 34 and 16966?
34
What is the greatest common divisor of 1850 and 50?
50
What is the greatest common divisor of 70 and 1442?
14
Calculate the greatest common divisor of 445 and 5.
5
What is the greatest common factor of 1134 and 14?
14
What is the highest common factor of 90 and 495?
45
Calculate the highest common factor of 16 and 200.
8
What is the highest common divisor of 5 and 5?
5
What is the greatest common factor of 117 and 7839?
117
What is the greatest common factor of 10 and 190?
10
What is the greatest common divisor of 159 and 6731?
53
Calculate the highest common factor of 120 and 1020.
60
Calculate the greatest common factor of 5235 and 105.
15
Calculate the greatest common factor of 1 and 8.
1
What is the greatest common factor of 4074 and 42?
42
What is the greatest common factor of 1446 and 132?
6
What is the highest common divisor of 109 and 5?
1
Calculate the highest common factor of 68 and 51.
17
What is the highest common divisor of 176 and 272?
16
Calculate the highest common divisor of 10 and 470.
10
Calculate the greatest common factor of 228 and 722.
38
Calculate the greatest common divisor of 1455 and 14259.
291
What is the highest common factor of 6 and 54?
6
What is the highest common factor of 37 and 259?
37
Calculate the highest common factor of 5047 and 49.
49
Calculate the greatest common divisor of 40 and 5.
5
What is the greatest common divisor of 133 and 19?
19
What is the greatest common factor of 114 and 570?
114
Calculate the greatest common divisor of 2560 and 600.
40
Calculate the highest common divisor of 992 and 868.
124
What is the highest common divisor of 237 and 12561?
237
What is the greatest common factor of 165 and 363?
33
Calculate the highest common factor of 72 and 136.
8
What is the highest common factor of 7 and 161?
7
Calculate the greatest common factor of 336 and 896.
112
Calculate the greatest common factor of 5396 and 152.
76
Calculate the greatest common divisor of 208 and 15184.
208
What is the highest common divisor of 1176 and 222?
6
Calculate the greatest common divisor of 70 and 100.
10
Calculate the greatest common divisor of 815 and 489.
163
Calculate the highest common factor of 60 and 80.
20
What is the highest common divisor of 4528 and 849?
283
What is the highest common divisor of 456 and 10716?
228
Calculate the highest common divisor of 544 and 2336.
32
Calculate the highest common divisor of 245 and 8771.
49
Calculate the greatest common divisor of 247 and 3952.
247
Calculate the highest common factor of 188 and 8.
4
What is the highest common divisor of 66 and 88?
22
What is the highest common divisor of 3002 and 38?
38
What is the highest common divisor of 111 and 370?
37
What is the greatest common divisor of 441 and 45?
9
What is the highest common factor of 374 and 88?
22
Calculate the greatest common divisor of 80 and 8980.
20
Calculate the greatest common factor of 114 and 1634.
38
What is the greatest common divisor of 1397 and 22?
11
Calculate the greatest common divisor of 33 and 253.
11
Calculate the greatest common factor of 187 and 11.
11
Calculate the greatest common divisor of 345 and 10.
5
Calculate the greatest common divisor of 200 and 3425.
25
What is the highest common divisor of 901 and 265?
53
Calculate the highest common factor of 455 and 195.
65
Calculate the highest common factor of 72 and 1098.
18
What is the highest common divisor of 585 and 2535?
195
What is the greatest common divisor of 403 and 13?
13
What is the greatest common divisor of 2 and 7?
1
Calculate the highest common factor of 105 and 595.
35
What is the greatest common divisor of 16 and 10352?
16
What is the greatest common divisor of 16 and 256?
16
Calculate the highest common divisor of 98 and 147.
49
Calculate the greatest common factor of 43901 and 614.
307
What is the greatest common divisor of 110 and 143?
11
Calculate the highest common factor of 464 and 144.
16
What is the greatest common factor of 52 and 18?
2
Calculate the greatest common factor of 2940 and 240.
60
What is the highest common divisor of 390 and 20?
10
What is the greatest common divisor of 987 and 168?
21
Calculate the greatest common factor of 99 and 36.
9
Calculate the highest common divisor of 715 and 26.
13
Calculate the highest common factor of 4 and 1964.
4
What is the highest common factor of 42 and 70?
14
Calculate the highest common divisor of 801 and 387.
9
What is the greatest common factor of 29 and 52345?
29
Calculate the greatest common factor of 792 and 33.
33
What is the highest common factor of 1860 and 36?
12
Calculate the highest common divisor of 10 and 386.
2
Calculate the highest common factor of 20 and 205.
5
What is the highest common factor of 1407 and 67?
67
What is the greatest common divisor of 109 and 18421?
109
Calculate the greatest common divisor of 750 and 10.
10
Calculate the greatest common divisor of 935 and 34.
17
What is the highest common factor of 1 and 97?
1
Calculate the highest common factor of 890 and 640.
10
Calculate the greatest common divisor of 224 and 63.
7
Calculate the greatest common divisor of 6 and 24.
6
What is the highest common divisor of 20 and 12?
4
Calculate the greatest common divisor of 1056 and 64.
32
What is the greatest common factor of 231 and 63?
21
What is the highest common divisor of 71 and 5183?
71
Calculate the highest common divisor of 682 and 372.
62
What is the greatest common divisor of 4628 and 7476?
356
What is the highest common factor of 203 and 42?
7
Calculate the highest common factor of 3 and 14.
1
What is the highest common divisor of 44 and 484?
44
What is the greatest common divisor of 638 and 2233?
319
Calculate the highest common factor of 2513 and 7.
7
What is the greatest common factor of 435 and 116?
29
Calculate the greatest common factor of 30 and 330.
30
Calculate the highest common factor of 2100 and 336.
84
Calculate the greatest common factor of 198 and 22.
22
What is the greatest common divisor of 324 and 18?
18
Calculate the highest common divisor of 44 and 297.
11
What is the greatest common factor of 114 and 475?
19
Calculate the greatest common factor of 25 and 25.
25
What is the highest common divisor of 22 and 858?
22
Calculate the greatest common factor of 13915 and 69.
23
What is the greatest common divisor of 84 and 56?
28
What is the greatest common factor of 54 and 2187?
27
Calculate the highest commo